(-16)*(2 + 4/(-3)). Let n(y) = 29*y**2. Give n(s).
29
Let q(a) be the second derivative of -a**4/12 - 2*a**3/3 + 7*a**2/2 - 13*a + 2. What is q(-6)?
-5
Let o(k) = -5*k**2 - 7*k - 75. Let r(y) = 3*y**2 + 4*y + 38. Let c(g) = -4*o(g) - 7*r(g). What is c(-6)?
-2
Let d(i) be the third derivative of -1/24*i**4 - 1/60*i**5 + 0 + 0*i - 5*i**2 + 1/6*i**3. Calculate d(-1).
1
Let v = -8 + -3. Let w = v + 7. Let p(h) = 4730*h - 4727*h - 2 + 8. Calculate p(w).
-6
Let g = -15 + 13. Let x(t) be the first derivative of -5*t**3/3 - t**2 - t + 1. Give x(g).
-17
Let r be (2 + -4)/(14 + (-54)/4). Let u(o) = o**3 + o**2 - 2*o + 5. What is u(r)?
-35
Let z(v) = -21*v + v**3 - 11*v - 15*v + 54*v - 7*v**2 + 4. What is z(5)?
-11
Let y(q) = -7*q**2 - 17*q - 5. Let x(f) be the first derivative of -f**3 - 4*f**2 - 3*f - 41. Let z(g) = -5*x(g) + 2*y(g). What is z(-5)?
0
Let s(x) = x**2 - 13*x + 50*x - 1 - 20*x - 26*x. Give s(9).
-1
Let b(k) = -k**3 + k**2 + 3*k + 2. Suppose d - 4*y + 13 = 0, 14 + 8 = d + 3*y. Suppose -i + 12 = -d*i. What is b(i)?
8
Let f(d) = -d**3 - 39*d**2 - 36*d + 86. Let y be f(-38). Let w(i) = i**3 - 10*i**2 + 3*i - 9. What is w(y)?
21
Let b(d) = d - 4. Let m be b(6). Let n(j) = 0*j - 3*j - 4*j**2 + 5 - 3*j + 0*j**m. Let h(q) = 3*q**2 + 5*q - 4. Let u(x) = 5*h(x) + 4*n(x). Give u(-3).
-12
Let s(i) = i**2 - 10*i - 4. Suppose 0 = 3*n - 2*k - 25, -4*n - 71 = -9*n - 4*k. What is s(n)?
7
Let w(y) = -y**3 - 6*y**2 + y + 10. Suppose -5*r = 4*j + 34, -r + 2*j = -j + 3. Determine w(r).
4
Suppose -d = 1 - 2. Suppose d = -p - 2*q + 9, -4 = -2*q. Let h(m) = -m + 7. Calculate h(p).
3
Suppose d - 5*v + 0*v + 21 = 0, -2*d - v = -13. Let l be d*(-3)/(-6) + 1. Let i(s) = -s**2 - 3*s + 2 + 4*s + 2*s. Determine i(l).
2
Let r(n) = 2*n**2 - 9*n - 22. Let z(a) = -3*a**2 + 10*a + 25. Let k(l) = 4*r(l) + 3*z(l). Determine k(-8).
-29
Let f(m) = 3*m + 4. Let n(b) = 10*b - 12. Let y(u) = 9*u - 12. Let q(j) = 5*n(j) - 6*y(j). Let k be q(6). Let s be -6 - (-8)/k*-3. What is f(s)?
-8
Suppose -2*y + 3*x - 4 = -0*y, -x = 2. Let q = -7 - y. Let i(w) = -w**3 - w**2 + w - 2. Let j(l) = l**3 - l**2 - l. Let o(u) = q*j(u) - i(u). Calculate o(4).
-10
Suppose 0 = -3*c + x - 1, -c + 21 = 4*x + 4. Let k(r) = -r - 1 + 5*r**2 + 2*r - 14*r**2. Give k(c).
-9
Let v(t) = -t**3 - 5*t**2 - 7*t + 14. Let s(r) = 2*r**2 - 1. Let b(n) = 6*s(n) + v(n). Give b(6).
2
Suppose 4*d - 6*u + 3*u + 18 = 0, -5*u + 20 = -5*d. Let w(q) = 3*q**2 - q - 1. Let i(a) = -16*a**2 - 3*a + 2. Let p(g) = i(g) + 5*w(g). Determine p(d).
9
Let a(u) = -5*u - 1. Suppose -4*b + 5 + 3 = 0. Let g be (b*4/(-8))/(-1). Suppose 3*t + 4 - g = 0. Give a(t).
4
Let k(f) = -f**2 + 7*f + 13. Suppose -15 = -w + 3*n - 5*n, 6 = 2*n. Give k(w).
-5
Let s(d) = -3*d + d**3 - 3*d**2 + d**3 - d**3 - 2 + 6. Let q be 68/20 - 3/(-5). Suppose 7 = -3*v - q*i, v + 0*v - 5*i = 23. What is s(v)?
-5
Let a = -44 - -45. Let j(s) = 3*s + 1. Let k(q) = -3*q - 1. Let g = -10 + 6. Let u(x) = g*j(x) - 3*k(x). Calculate u(a).
-4
Let m(q) = q - 1. Let d(u) = -u. Let n(p) = -p**3 + 12*p**2 + 13*p - 1. Let j be n(13). Let b(t) = j*m(t) + 4*d(t). What is b(2)?
-9
Let a(h) = 5*h**3 + h**2 - 17*h + 13. Let d(q) = 4*q**3 + q**2 - 14*q + 11. Let b(v) = -5*a(v) + 6*d(v). Suppose 0 = -3*t + 4*t + 1. Determine b(t).
2
Suppose -41 = 4*c - 293. Let k be c/6 + 3/6. Suppose 8 = -5*y + x - k, 2*x = y + 11. Let p(v) = -v**2 - 7*v - 4. Give p(y).
8
Let g(t) = t**3 - 4*t**2 - 4*t - 2. Let d = 74 - 69. Suppose -10 = d*v - 0. Give g(v).
-18
Suppose 10 = 4*l - h, 3*h = 4 + 2. Let s(f) = 2*f**3 + 48*f**2 - 52*f**2 - f - f**3 + l*f + 3. Give s(4).
11
Let o(q) = q**2 + 3*q + 6. Let j be ((-24)/9)/(282/54 - 5). Let y be 3*8/(-6)*4. Let d = y - j. What is o(d)?
10
Suppose 3*l + 5*a + 38 = 3*a, 52 = -4*l - 2*a. Let j(f) = f + 13. What is j(l)?
-1
Suppose 4*o + 3*q - 7 = 0, 49 = -2*o - 5*q + 70. Let t(v) = -2*v + 0*v - 2*v**2 - 1 - 2*v**2. What is t(o)?
-13
Let b(a) = 6 - 30*a + 6*a**2 - a**3 + 8*a + 18*a. Determine b(4).
22
Let c(d) = -d**2 - 9*d - 8. Let t(u) = u**2 + 8*u + 7. Let n(a) = a - 3. Let q be n(6). Let y(b) = q*t(b) + 2*c(b). Calculate y(-4).
-3
Suppose 12*g = 8*g + 8. Let k(d) = 13*d**2 + 2*d**3 - 3*d**3 + 13 - 22*d**g + d. What is k(-9)?
4
Suppose 3*z + 5*b + 6 = 0, 19 - 4 = -5*b. Suppose -z*o = 3*o - 42. Let t(l) = -l**3 + 8*l**2 - 7*l + 4. Calculate t(o).
4
Let m(v) be the third derivative of v**4/12 + 313*v**2. Determine m(2).
4
Let h(s) = 2*s - 5 + 5 - 4. Let d(m) = -m**2 - 19*m + 210. Let t be d(-27). Determine h(t).
-16
Let j(z) = -z + 22. Let q be j(15). Let g be ((-26)/(-4))/(2/4). Let y = g - q. Let k(i) = i**3 - 5*i**2 - 5*i - 1. What is k(y)?
5
Let s(f) = -3*f + 10. Let o be 11 + (0 - 4) + 5. Calculate s(o).
-26
Let o(f) = -8 + 24*f - 5*f - 3*f - f - 9*f. Give o(7).
34
Let m(p) = 2*p**2 - p - 1. Let x(y) = 2*y + 8. Let z(j) = -m(j) + x(j). What is z(5)?
-26
Let b(t) = -t - 4. Let x be 19/38 - (-415)/2. Suppose x = 9*v - 242. Suppose 5*c - v + 20 = 0. Determine b(c).
-10
Let f(g) = g**3 - 7*g**2 + 6*g - 7. Let q be ((-110)/33)/((-1)/(-3)). Let l be (-66)/q - 21/35. What is f(l)?
-7
Suppose 0*v = 2*v - 6. Let x(g) = g**2 - 3*g - 7. Let p be x(5). Let r be v/p*(-5 - -2). Let n(m) = -m - 6. What is n(r)?
-3
Let i(o) = -20*o + 6*o**2 - 45*o - o**3 + 61*o - 7. Calculate i(5).
-2
Let n = -17 + 42. Suppose 10*d = 5*d - n. Let y(h) = -h**3 - 4*h**2 + 5*h - 1. Determine y(d).
-1
Let b(m) = m - 15. Suppose 2*i - 2*v - 8 = 0, -9 = i - 4*v + 2. Let a be b(i). Let k(d) = -d**2 - 4*d + 6. Determine k(a).
-6
Suppose 3*d - 5*d = -6, 0 = -2*w - 3*d + 3. Let l(i) = -i**2 + i + 12. Give l(w).
0
Let a(o) = 3*o - 1. Suppose -d = 7 - 8. What is a(d)?
2
Let x be 0 - (-18 + 8) - (-1 + -1). Suppose 0 = -4*y + x, z = -2*y - 2 - 0. Let r(k) = -k**2 - 5*k + 5. What is r(z)?
-19
Let m(d) = 2*d**2 + 4*d + 3. Let y be m(-2). Let j(b) be the second derivative of -b**3/6 - 3*b**2/2 + 12*b. Determine j(y).
-6
Let k be 5 - (15/(-13) - 4/(-26)). Let m(w) = 5 - 3 - w**2 - k + 6*w + 6. Let g be (-2)/4 - 18/(-4). Determine m(g).
10
Let h(s) = -4*s - 3*s**3 - 401 - 2*s**2 - s**2 + 1207 - 407 - 401. What is h(-2)?
18
Let h(b) be the second derivative of -b**3/6 - 4*b**2 + 33*b - 2. Calculate h(9).
-17
Let p(r) = -r**2 - 4*r - 6*r + 36 - 30 + 3*r. Determine p(-6).
12
Let j(u) = u**3 + 5*u**2 - 6*u + 2. Suppose 4*t = 8 - 12. Let r be t*(3 - -2 - -1). What is j(r)?
2
Let n(k) = 7*k**3 - 3. Let b(r) = 4 - 79*r**2 + r - 6*r**3 + 80*r**2 + 0*r. Let q(y) = -6*b(y) - 5*n(y). What is q(7)?
-2
Let b(y) = -y**3 - 5*y**2 - 4*y - 2. Suppose 3*o - 37 - 62 = 0. Suppose 2*h = 5*w - o, -4*h - w + 1 = -3*h. Give b(h).
-2
Suppose -3*v = 2*x - 3, 0 = 3*x - 0*v - 3*v - 27. Let h = 2 + -2. Let w(a) = h*a - 4 + 1 - 1 + a. Give w(x).
2
Let b(w) be the second derivative of 0 + 1/60*w**5 + 3*w + 3/2*w**2 - 1/12*w**4 - 1/3*w**3. Let g(o) be the first derivative of b(o). Calculate g(-2).
6
Suppose -4 = -c, -7 = -2*k - 3*k - 3*c. Let v(n) = -n + 1. Let p(d) = 35*d - 28. Let w(b) = -p(b) - 28*v(b). Determine w(k).
7
Let v be ((-1)/2)/(8/(-48)). Suppose -44 + 14 = -v*w. Let b(r) = -3*r**2 + 6*r - w + 2*r**3 - 3*r**3 + 15. Determine b(-4).
-3
Let s(u) = -2*u**2 + 3. Let b(z) = -3*z**2 + 4. Let q = 9 - 14. Let m(y) = q*b(y) + 8*s(y). Determine m(5).
-21
Let k(g) = g**3 - g**2 - g + 15. Let z(f) = -1. Let q(a) = -k(a) - 4*z(a). Suppose 4 = 4*h - h + 4*d, 5 = 5*d. What is q(h)?
-11
Let i(c) be the first derivative of c**4 - c**2 + c - 310. Let m(d) = -5*d**2. Let v be m(1). Let y = -4 - v. Give i(y).
3
Suppose -2*s + 62 = -0*s - 5*g, s = 3*g + 30. Let i = s + -53. Let q = i + 12. Let w(a) = a**3 + 4*a**2 - 7*a - 6. Calculate w(q).
4
Let o be (14/3)/((-4)/6). Let d(g) = -5*g**3 + 9*g**2 + 16*g + 21. Let h(i) = 3*i**3 - 4*i**2 - 8*i - 11. Let p(s) = o*h(s) - 4*d(s). What is p(-7)?
0
Let f be 3/((6 + 52/(-8))*6). Let s(d) = -41*d**3 - d**2. Give s(f).
40
Let k(l) = 51*l**2 - 2 - 5*l + 43*l**2 - 93*l**2. Determine k(5).
-2
Let c(n) = n**2 + 5*n + 3. Suppose -h = 6*h - 28. Let t be 1/(h/(-12)*1). Calculate c(t).
-3
Let l(o) = o + 7. Let d(h) = h**3 - 7*h**2 + 15*h. Let b be d(3). What is l(b)?
16
Let a(g) be the second derivative of g**4/12 + 11*g**3/6 + 3*g**2 - 3*g + 115. Calculate a(-8).
-18
Let f(y) = 3*y + 21. Let z(c) = -c - 6. Suppose 5 +